 h.
12
Suppose -2*t + 16 = h, 0 = -5*t + 3*h + 17 + 1. What is the highest common factor of 33 and t?
3
Let y be 3*6/9 - -8. Let m(q) = q**2 - 9*q - 7. Let b be m(y). Calculate the greatest common factor of 12 and b.
3
Suppose -3*s - 19 = -4*i + 28, -4*i + 37 = -s. Calculate the highest common divisor of 200 and i.
8
Suppose -108 = -5*x + x. Let b(v) = -5*v - 41. Let r be b(-10). Calculate the highest common divisor of r and x.
9
Suppose 5*x + 10 = 40. Calculate the greatest common divisor of 42 and x.
6
Let z be -3*(-1)/(-9)*-36. Suppose -50 = -5*y + 10. What is the greatest common divisor of y and z?
12
Suppose 0 = 4*y - 2*y - 72. Suppose 0*v + 3*v = 0. Suppose v = k - 1 - 3. What is the highest common factor of k and y?
4
Let m(z) = 6*z**2 + 2*z - 2. Let s be m(-2). Let p = -94 + 292. What is the highest common divisor of s and p?
18
Suppose 0 = -3*p - 3*k + 12, -2*p - 3*p = 3*k - 28. Let w be (-3)/(-6*2/752). Suppose 5*z = 628 - w. Calculate the greatest common factor of z and p.
8
Let z(j) = j**3 - 5*j**2 - 8. Let q be z(6). Suppose -2*y = 3*n - 1055 + 139, 0 = 3*n - 2*y - 932. What is the greatest common divisor of q and n?
28
Suppose 2 = -0*a - 2*a + 4*c, 4*a = 3*c - 4. Let o be 9*(a - (-3 - -1)). What is the greatest common divisor of 36 and o?
9
Let x = -7 - -24. Let i = 78 + 7. What is the greatest common divisor of x and i?
17
Suppose -11 = 4*k + 5. Suppose 13 + 17 = n. Let s = n - k. Calculate the greatest common factor of 51 and s.
17
Suppose -k = -5*u + u - 58, -3*k = -4*u - 54. Let m be (-48)/(-3)*u/(-6). What is the highest common factor of m and 8?
8
Suppose 0*a - 3 = -a, 5*s = -3*a + 219. Calculate the highest common factor of s and 21.
21
Let j be 5*((-2)/4 - 12/(-8)). Calculate the highest common factor of j and 5.
5
Suppose 0 = -3*q + 9 + 9. Suppose 3*b = -q, 3*w = -b + 4*b + 42. Let i = w + -4. Calculate the greatest common divisor of 1 and i.
1
Suppose -2*q + 120 = -q. Suppose d = 2*g + q - 12, d + 2*g - 112 = 0. Let a(r) = -2*r - 2. Let m be a(-6). Calculate the highest common factor of m and d.
10
Let d(k) = 39*k + 1. Let l be d(1). What is the greatest common divisor of 4 and l?
4
Let h be (1 - 1)/2 - -3. Let m(d) = -d**2 + 14*d - 7. Let r be m(13). Let u be (r/(-4))/((-1)/2). Calculate the highest common factor of h and u.
3
Let t(y) = -y**3 - 7*y**2 - 3*y - 5. Let f be t(-7). Calculate the greatest common divisor of 8 and f.
8
Let w = -21 - -41. Suppose 0 = -0*l + l - 10. Calculate the greatest common factor of w and l.
10
Suppose 0 = z + 3*z + 3*a + 2, -3*z + 5*a = -13. Let h = z + 6. Calculate the highest common factor of 21 and h.
7
Suppose 44 = 4*g - 0. Let r(f) = f**2 + 2 + 5 - 2 - 5*f + 2*f. Let q be r(-4). Calculate the greatest common factor of g and q.
11
Let k(f) = -f**3 - 10*f**2 - 3*f + 2. Let s be k(-10). What is the greatest common divisor of s and 32?
32
Let p = 11 + 29. What is the greatest common factor of p and 5?
5
Suppose -3*v - 6 = -3, -2*l + v = -29. Let s be l/6 - (-1)/(-3). Suppose 0 = 2*q - 2 - s. What is the greatest common factor of q and 18?
2
Let n be (7 + -2)/(1 + 0). Suppose a + n = -2. Let i(p) = 2*p**2 + 8*p. Let r be i(a). What is the highest common factor of r and 6?
6
Let c = 51 - 26. Calculate the highest common factor of c and 5.
5
Suppose -4*d = -4*h + 48, 0*h - 24 = -2*h + 3*d. Suppose 18 = c - h. Calculate the greatest common divisor of 6 and c.
6
Let w = 13 + 31. What is the highest common factor of w and 154?
22
Let f = -33 + 38. Calculate the highest common divisor of f and 20.
5
Suppose -5*m + 80 = -3*m. What is the highest common factor of m and 100?
20
Suppose -4*h + 4*x + 232 = 72, -h + 5*x + 56 = 0. Calculate the greatest common divisor of h and 216.
36
Let r be (6 + -4 + -1)*-1 + 3. Calculate the highest common factor of r and 10.
2
Suppose -2*d + 4 + 48 = -3*i, 5*i + 80 = 3*d. Calculate the greatest common divisor of d and 40.
20
Let z be 4/(-4) + 12 + 2. Let i(g) = 17*g**3 + 2*g + 1. Let r be i(-1). Let q = 125 - r. What is the highest common divisor of q and z?
13
Let o(c) = -4*c + 3*c - c**2 + 2*c**2 - 5. Let q be o(0). Let x(i) = 2*i**2 - 3*i. Let a be x(q). Calculate the greatest common factor of 26 and a.
13
Suppose -5*k + 2*k = -9, -3*j - 2*k = -81. Calculate the greatest common factor of 5 and j.
5
Suppose 0 = -95*w + 92*w + 9. Calculate the highest common factor of 5 and w.
1
Let a = 14 - -20. Calculate the greatest common divisor of a and 17.
17
Let r = 102 - 57. What is the highest common factor of r and 9?
9
Suppose 66 - 3 = 3*d. What is the greatest common factor of 42 and d?
21
Let f be (-9)/15 + (-103)/(-5). Let y(v) = -v**3 + 7*v**2 - 3*v - 8. Let h be y(6). What is the highest common factor of f and h?
10
Suppose -h + 385 = 4*h. Calculate the greatest common divisor of 7 and h.
7
Let o be 1/7 - (-306)/14. Let a = o + -10. What is the greatest common factor of 24 and a?
12
Let q be (-2)/((-4)/6) + -13. Let c(x) = -x**2 - 19*x + 6. Let w be c(q). What is the greatest common factor of 12 and w?
12
Let h be (0 - 2 - -5) + 4. Suppose -h = -i - m - 0*m, 4*m - 38 = -5*i. Let j be 135/i - 2/(-4). Calculate the greatest common divisor of j and 126.
14
Let i = -4 - -4. Let a be 80 + (0/3 - i). What is the highest common factor of 16 and a?
16
Suppose 2*q - q = 14. Let i be (-3 - (-1 - 0)) + 5. Let m = i - -25. What is the highest common divisor of q and m?
14
Let b(a) = a - 11. Let d be b(17). Let w be 760/d + (-12)/18. What is the highest common factor of w and 14?
14
Suppose 27 + 72 = o. Let y(j) = j**3 - 8*j**2 + 4*j - 9. Let z be y(8). Let s = z - 12. Calculate the greatest common factor of o and s.
11
Let v(l) = 3*l**2 - l + 1. Let r be v(1). Let n = r + -3. Suppose 5*i - 2*y + 4*y - 69 = n, -2*i + 34 = 4*y. Calculate the highest common factor of 104 and i.
13
Suppose 5*m = 4*m - 3. Let j(b) = -4*b**3 - 4*b**2 + 2*b + 4. Let h be j(m). Suppose h = 5*p - 155. What is the greatest common divisor of 5 and p?
5
Suppose 0*u + u = 2. Let s(q) = -6*q - 35. Let n(t) = -2*t - 12. Let k(w) = 11*n(w) - 4*s(w). Let p be k(5). What is the highest common factor of p and u?
2
Let b(c) = 4*c - 4. Let o be b(5). Let x be 16/(-6)*(-84)/o. What is the highest common factor of x and 98?
14
Let m = 3 + 2. Let h be m*(-98)/(-10)*2. Suppose -65 = -4*u - 9. Calculate the highest common factor of h and u.
14
Let s = 1 + 1. Suppose s*b = -0*b + 64. What is the greatest common divisor of b and 8?
8
Let a be ((-3)/(-3))/(-1)*-10. Suppose -f = -0*f - 10. What is the highest common divisor of f and a?
10
Let f = -37 - -55. What is the highest common divisor of 144 and f?
18
Suppose -5*x - 19 = -3*y, -2*y + 4*x - 4 = -18. What is the highest common factor of y and 21?
3
Let v(w) = w**3 + 5*w**2 - 6*w. Let f be v(-3). What is the greatest common factor of f and 12?
12
Suppose -2*f + 26 = -3*n, -f - 3*n + 11 = -4*n. Calculate the greatest common divisor of 7 and f.
7
Let w(t) = -2*t - 9. Let l be w(-7). What is the greatest common factor of 2 and l?
1
Let j be ((-5)/10)/((-2)/4). Let z be (j + 1)*99/2. Calculate the highest common divisor of 9 and z.
9
Suppose 5*d - 2*q - 381 = 0, d - 2*d + 73 = -2*q. Calculate the greatest common divisor of d and 11.
11
Let u(q) be the second derivative of q**5/10 - 5*q**4/12 + q**3/2 + 4*q. Let v be u(4). What is the highest common factor of v and 24?
12
Let t = 0 - -1. Let g be 38*(3 - t)/2. Let r be (g + -2)*1 + 0. Calculate the highest common factor of 4 and r.
4
Let a be 18/9 - (-197 + 1). What is the greatest common factor of 22 and a?
22
Let c be ((-4)/(-56)*36)/((-6)/(-28)). Calculate the greatest common divisor of c and 108.
12
Let g = 128 + -86. Calculate the greatest common factor of g and 28.
14
Suppose 4*m + 6 = 22. Suppose -5*c + 1 = -m, 3*c = -5*s + 53. Calculate the highest common factor of s and 80.
10
Let v(h) = h + 8. Let r be v(0). Let x(y) = 12*y - 11. Let t be x(r). What is the highest common divisor of t and 17?
17
Let c(f) = 1 + 2*f - 3 + 1. Suppose -3*h + 7 = 2*l, -4*h + 4*l - 11 = -9*h. Let x be c(h). What is the highest common divisor of 35 and x?
5
Suppose -t - u = 2*u - 38, 4 = 2*u. Let r be (184/t)/((-2)/(-8)). What is the greatest common divisor of r and 69?
23
Suppose 1 = p - 2, 0 = 3*a - 5*p - 105. What is the high